by 27.
13
Let f = 105 + -79. What is the remainder when 65 is divided by f?
13
Let q(u) = -u**3 - 2*u**2 - 6*u - 7. Let y be q(-3). Let b = -23 + y. Let l = 9 + b. Calculate the remainder when l is divided by 4.
2
Suppose -3*k + 1078 + 341 = 0. Calculate the remainder when k is divided by 14.
11
Let v(t) = t**3 + 6*t**2 - 21*t - 30. Calculate the remainder when 134 is divided by v(-8).
4
Suppose -2*b = 4 - 0. Let c be (-3 - -2)*b + -2. Let s = c + 12. What is the remainder when 23 is divided by s?
11
Let v = -185 + 193. Suppose -2*q = 2*q - 4*p, 10 = -5*p. Calculate the remainder when (-224)/(-10) + q/5 is divided by v.
6
Suppose 36 = 8*f - 28. Suppose 30*z = 32*z - f. What is the remainder when 21 is divided by z?
1
Let x be (11 - 1)*(-7)/1. Let b = 121 + x. Let u = -40 - -58. Calculate the remainder when b is divided by u.
15
Suppose 0 = -162*s + 166*s - 196. Calculate the remainder when s is divided by 20.
9
Suppose 5*k - 3*k - 62 = 0. What is the remainder when k is divided by 3 + -2 + 0 + -7 + 23?
14
Suppose 3*z - 8*z + 265 = 0. Calculate the remainder when 98 is divided by z.
45
Suppose -4*a = -5*d - 70, -3*d = -4*a + d + 68. Suppose 8*s = -a - 57. Let t = 45 - s. Calculate the remainder when t is divided by 14.
12
Let y = -4 + -26. Let m = 21 + y. Let z = 10 + m. Calculate the remainder when z is divided by 1.
0
Let m = -391 + 398. Calculate the remainder when 32 is divided by m.
4
Suppose 2*b = -3*b + 20. Suppose 0*f - 24 = -6*f. What is the remainder when b is divided by f?
0
Let x(b) = 2*b**2 - 50*b + 354. Calculate the remainder when 407 is divided by x(8).
79
Let c be (-2)/6*(-3 - -3). Let z(i) = i**2 - 3 + 2 + c + 2*i**3 + i. What is the remainder when 81 is divided by z(2)?
18
Let m be (-49)/(-3) - (8/(-12) - -1). Suppose -z + m = -28. Calculate the remainder when z is divided by 23.
21
Suppose m = -3*s + 5*m + 148, -m + 84 = 2*s. Suppose -v = 3*w + w - 24, 0 = -5*v - w + s. Let l = 72 - 42. Calculate the remainder when l is divided by v.
6
Let f(w) = w**2 + 0*w - 7 + 0*w + 16 + 5*w. Calculate the remainder when f(5) is divided by 30.
29
Let n be (-4)/(-5)*(-15)/(-2). Suppose 0 = 2*d + n - 18. Let g(l) = l**3 - 6*l**2 + 9*l - 1. What is the remainder when g(d) is divided by 14?
11
Let i(c) = -46*c + 31. Let l(f) = 9*f - 6. Let r(d) = 2*i(d) + 11*l(d). What is the remainder when r(5) is divided by (-3)/2*32*2/(-12)?
7
Let j = -192 - -197. Calculate the remainder when 62 is divided by j.
2
Suppose -d = -2*d + 70. Let a(o) = -3*o**3 - 2*o**2 - 6*o - 13. Calculate the remainder when d is divided by a(-2).
10
Suppose -2*f + 19 = -x - 0*x, -4*x + 12 = 0. Calculate the remainder when f is divided by (-20)/(-3) + (-1)/(-3).
4
Suppose 50 + 0 = 2*j - 3*v, -26 = -2*j - 3*v. Let m be (10/8)/(14/(-336)). Let i = 104 + m. Calculate the remainder when i is divided by j.
17
Let j be 2 - ((-1365)/(-75) + (-1)/5). Suppose -2*h - 20 = -3*h. Let a = j + h. Calculate the remainder when 6 is divided by a.
2
Let d be (-20)/(-6)*2/16*12. What is the remainder when (d - 4) + 90/1 + 0 is divided by 46?
45
Suppose 0*y = -2*y + 10. Suppose 4*s - y*s + 34 = 0. Suppose 3*g + s = 4*g. Calculate the remainder when g is divided by 12.
10
Let w(o) = 25*o**2 - 46*o + 92. Calculate the remainder when 399 is divided by w(2).
99
Suppose -5*u - 2*y = 965, 2*u - 7*y + 367 = -4*y. Let a = u - -348. Calculate the remainder when a is divided by 32.
29
Suppose -1 - 27 = -4*w. Calculate the remainder when w is divided by ((-75)/(-325) + 36/13)/((-6)/(-8)).
3
Let j = -2022 + 2158. What is the remainder when j is divided by 10?
6
Let a(v) = -2*v - 7. Let c(y) = y + 4. Let g(z) = -4*a(z) - 7*c(z). Let d be g(-6). What is the remainder when 18 is divided by 1/(-3)*-3 - d?
4
Suppose 4*t + t - 460 = -5*i, 450 = 5*t + 3*i. Calculate the remainder when t is divided by 15.
12
Suppose k + 172 = 5*k. Let m = 61 - k. What is the remainder when 70 is divided by m?
16
Suppose -16*m - 29*m = -4050. Calculate the remainder when 717 is divided by m.
87
Suppose -2*i + 10 = 66. Let l = i + 30. Suppose l*o = -3*z + 9 + 2, 3 = 3*o. Calculate the remainder when 8 is divided by z.
2
Suppose 18 = -41*d + 39*d. Calculate the remainder when 60/d*((-136)/20 - -2) is divided by 9.
5
Let y be (3 - 2)/(2/4). Suppose y*l + 75 = 7*l. Let x(n) = n**2 - 5*n - 122. What is the remainder when x(15) is divided by l?
13
Suppose p - 7*k - 23 = -3*k, 5*k = -4*p - 13. What is the remainder when 38 is divided by p?
2
Let j = -36 - -59. Calculate the remainder when (57 - 12) + 2*(-2 - -1) is divided by j.
20
Suppose -163 + 667 = 21*w. Calculate the remainder when 85 is divided by w.
13
Suppose -d = 4*j - 4844, -3*j - 5*d + 4244 = 628. Calculate the remainder when j is divided by 16.
12
Let l(h) = 2*h**2 + 27*h + 4. Let a be l(-13). Calculate the remainder when 3 is divided by (-3 + (-21)/a)*12/(-8).
0
Suppose -2*r = 5*x - 239 + 133, 4*x + 142 = 2*r. Calculate the remainder when r is divided by 5.
3
Let t(z) = 3*z**2 + 61*z - 287. Calculate the remainder when 1022 is divided by t(5).
92
Suppose -14*t - 220 = -1984. Calculate the remainder when t is divided by 19.
12
Let g = 4595 + -3266. What is the remainder when g is divided by 19?
18
Let x = 886 + -776. Calculate the remainder when 435 is divided by x.
105
Suppose 20 = -5*p, -3*v - 3 + 13 = -4*p. Calculate the remainder when 24 is divided by (v/10)/(16/(-1040)).
11
Let l(d) = d**2 + d - 1. Let u be l(2). Suppose u*s = s - 5*g + 47, -5*s = -5*g - 70. What is the remainder when s is divided by (-36)/414 + (-326)/(-46)?
6
Let t(h) = -h**3 + 6*h**2 + 7*h - 5. Let s(m) = -2*m - 15. Calculate the remainder when t(6) is divided by s(-10).
2
Calculate the remainder when 37/((3/6)/(12/8)) is divided by 40.
31
Let v = -22 + 62. Suppose -6*f + 5*f + 5 = 0. Suppose 19 = f*y - 51. What is the remainder when v is divided by y?
12
Let o be (1 + -2)*(1 + 6). Let h(p) = 2*p**3 - 3*p**2 + p - 2. Calculate the remainder when (14/o)/(2/(-23)) is divided by h(2).
3
Let k be (-2 - 10)*1/(-2). Suppose -84 = -k*p - 18. What is the remainder when 140 is divided by p?
8
Suppose -96 = 4*j - 0*j. What is the remainder when 69 is divided by j/108 + (-92)/(-9)?
9
Let o(h) = -h**3 - 4*h**2 - 14*h - 42. What is the remainder when 101 is divided by o(-5)?
48
Let i = 7 + -3. Suppose 7*m - 9*m = -i. Calculate the remainder when 60/5 + -4 + (-2 - -1) is divided by m.
1
Let f(r) = 5*r**2 + 22*r - 7. What is the remainder when f(6) is divided by 24?
17
Let b(d) = -7*d**3 + 5*d**2 + d - 4. Calculate the remainder when b(-3) is divided by 19.
18
Calculate the remainder when ((-15)/(-6) - 4)/(15/(-40)) is divided by 1.
0
Let v = 0 + 0. Suppose v = -2*l + 4 + 66. Calculate the remainder when l - -2 - (-1 - -2) is divided by 13.
10
What is the remainder when (-11 - 8 - -14) + (289 - 0) is divided by 26?
24
Suppose -3*w + 4*w - 757 = -4*v, 3*w - 570 = -3*v. Let q = v - 88. What is the remainder when q is divided by 13?
10
Suppose 42*i - 1190 = 37*i. Calculate the remainder when i is divided by 41.
33
Suppose 22 = -7*n - 6. Let l(z) = z**3 + 6*z**2 + 7*z + 1. What is the remainder when l(n) is divided by 4?
1
Suppose -27*h - 8 = -29*h. Suppose 5*f + 52 = h*g - 0, -2*f = -4*g + 64. Calculate the remainder when 53 is divided by g.
17
Let j(i) = -105*i**3 - 2*i**2 - i + 1. Let s(b) = b**2 + 5*b - 23. Calculate the remainder when j(-1) is divided by s(-10).
24
Let m = 36 - 17. Let l be (-1)/((-6 - -4)/42). Suppose -a = 5*s - 29, 5*a - a = -s + l. What is the remainder when m is divided by s?
4
Suppose 2*a - 1 = -11, -5*k + 135 = -5*a. Calculate the remainder when k is divided by (-3)/(-2)*(-35)/(-15)*2.
1
Let n = 56 - 17. Suppose -755 = -10*j + 5*j - 5*p, -5*p - 10 = 0. Calculate the remainder when j is divided by n.
36
Suppose 3*u - 3 = 3*w + 36, 0 = 5*u + 4*w - 20. Calculate the remainder when 122/8 - (-2)/(-8) is divided by u.
7
Let g = -2 - -150. What is the remainder when g is divided by 19?
15
Let h = -15 + 15. Suppose -w + 4*f = h, 0 = 4*w - 3*f + f - 42. Calculate the remainder when (-20)/(-1) - (-3 - -2) is divided by w.
9
Let z be 1/(((-5)/6)/(-5)). Let l = z + 3. Let k = l - 0. Calculate the remainder when 35 is divided by k.
8
Suppose 77 = 11*j - 4*j. Calculate the remainder when j is divided by